ided by 14815.
0
What is the remainder when 23968 is divided by 2252?
1448
What is the remainder when 272457573 is divided by 11845981?
10
What is the remainder when 5996762 is divided by 233?
41
Calculate the remainder when 266509 is divided by 9573.
8038
What is the remainder when 210707 is divided by 13163?
99
Calculate the remainder when 3318945 is divided by 1659462.
21
What is the remainder when 500347 is divided by 50032?
27
What is the remainder when 1309863 is divided by 570?
3
What is the remainder when 8389931 is divided by 283?
113
Calculate the remainder when 37237 is divided by 339.
286
What is the remainder when 6980402 is divided by 536954?
0
Calculate the remainder when 8953313 is divided by 4092.
17
What is the remainder when 16479363 is divided by 96?
3
What is the remainder when 37888 is divided by 750?
388
Calculate the remainder when 1487998 is divided by 384.
382
Calculate the remainder when 2553145 is divided by 1691.
1426
What is the remainder when 27044116 is divided by 9014705?
1
What is the remainder when 79293 is divided by 41?
40
Calculate the remainder when 24934 is divided by 4858.
644
Calculate the remainder when 6428715 is divided by 2738.
2629
What is the remainder when 500667 is divided by 125157?
39
Calculate the remainder when 1411350 is divided by 1411347.
3
What is the remainder when 1676340 is divided by 68?
4
Calculate the remainder when 4903333 is divided by 817221.
7
Calculate the remainder when 3315679 is divided by 68.
67
Calculate the remainder when 24202842 is divided by 355924.
10
What is the remainder when 52167 is divided by 3045?
402
Calculate the remainder when 12933258 is divided by 62782.
166
Calculate the remainder when 22088453 is divided by 6.
5
Calculate the remainder when 246565142 is divided by 1135.
12
What is the remainder when 309329 is divided by 97802?
15923
Calculate the remainder when 218552127 is divided by 45.
42
What is the remainder when 101974536 is divided by 57?
54
What is the remainder when 227755549 is divided by 58?
47
What is the remainder when 5674804 is divided by 82?
76
Calculate the remainder when 2719320 is divided by 906439.
3
What is the remainder when 250667969 is divided by 1101?
1097
What is the remainder when 14261380 is divided by 1426138?
0
Calculate the remainder when 619884 is divided by 272.
268
What is the remainder when 14679178 is divided by 917446?
42
Calculate the remainder when 996851 is divided by 1752.
1715
What is the remainder when 205711 is divided by 2780?
2771
Calculate the remainder when 2717711 is divided by 4130.
171
Calculate the remainder when 6394 is divided by 2889.
616
Calculate the remainder when 79212 is divided by 358.
94
What is the remainder when 36670396 is divided by 6503?
6482
What is the remainder when 1626236 is divided by 2420?
2416
What is the remainder when 103162548 is divided by 2579063?
28
Calculate the remainder when 104588588 is divided by 1538.
1512
Calculate the remainder when 45560 is divided by 8349.
3815
Calculate the remainder when 21270652 is divided by 32.
28
Calculate the remainder when 6200961 is divided by 11.
8
What is the remainder when 72137349 is divided by 24045780?
9
What is the remainder when 4022546 is divided by 87?
14
What is the remainder when 2096172 is divided by 30822?
276
Calculate the remainder when 62642980 is divided by 486.
10
What is the remainder when 186905591 is divided by 512?
503
What is the remainder when 1757415 is divided by 6232?
6223
What is the remainder when 1148427592 is divided by 1094?
1092
What is the remainder when 158861 is divided by 504?
101
What is the remainder when 293949 is divided by 41985?
54
Calculate the remainder when 2237333 is divided by 1118416.
501
What is the remainder when 18761202 is divided by 15?
12
What is the remainder when 59693524 is divided by 130?
124
What is the remainder when 6345 is divided by 6029?
316
What is the remainder when 5963 is divided by 3745?
2218
What is the remainder when 44150 is divided by 1652?
1198
What is the remainder when 3519257 is divided by 319876?
621
Calculate the remainder when 1152812 is divided by 102.
8
Calculate the remainder when 975294 is divided by 106.
94
What is the remainder when 2488410 is divided by 3134?
14
What is the remainder when 14987699 is divided by 702?
701
Calculate the remainder when 1007148 is divided by 11287.
2605
What is the remainder when 48164983 is divided by 4164?
4159
What is the remainder when 712968 is divided by 90?
78
Calculate the remainder when 25378860 is divided by 1959.
15
What is the remainder when 585092 is divided by 195011?
59
Calculate the remainder when 64760 is divided by 3189.
980
Calculate the remainder when 29575 is divided by 1959.
190
What is the remainder when 42091409 is divided by 92?
29
What is the remainder when 19237427 is divided by 47?
45
What is the remainder when 4199787 is divided by 49409?
22
Calculate the remainder when 20399171 is divided by 404.
403
Calculate the remainder when 22136226 is divided by 91472.
2
What is the remainder when 1476509 is divided by 54?
41
What is the remainder when 7774009 is divided by 141?
115
Calculate the remainder when 50080 is divided by 9858.
790
Calculate the remainder when 3008500 is divided by 114.
40
What is the remainder when 993011 is divided by 296?
227
What is the remainder when 19090919 is divided by 18?
11
Calculate the remainder when 78829 is divided by 78774.
55
Calculate the remainder when 3072520 is divided by 304.
296
Calculate the remainder when 10153334 is divided by 39.
35
What is the remainder when 1315482 is divided by 390?
12
Calculate the remainder when 7496500 is divided by 26.
24
What is the remainder when 60411 is divided by 5477?
164
What is the remainder when 3142622 is divided by 392827?
6
Calculate the remainder when 1151202 is divided by 575600.
2
Calculate the remainder when 59459246 is divided by 750.
746
What is the remainder when 4423280 is divided by 1336?
1120
Calculate the remainder when 4463539 is divided by 8551.
8468
What is the remainder when 18908848 is divided by 8098?
18
Calculate the remainder when 3205250 is divided by 58.
54
What is the remainder when 39822162 is divided by 198?
6
Calculate the remainder when 9037693 is divided by 785.
773
Calculate the remainder when 36298586 is divided by 166.
30
What is the remainder when 189980 is divided by 2235?
5
Calculate the remainder when 177871 is divided by 977.
57
Calculate the remainder when 348971996 is divided by 6842588.
8
Calculate the remainder when 1845196 is divided by 615061.
13
What is the remainder when 6131768 is divided by 2043911?
35
Calculate the remainder when 911049470 is divided by 6338.
6336
Calculate the remainder when 295363 is divided by 18149.
4979
Calculate the remainder when 100210 is divided by 25043.
38
Calculate the remainder when 486834047 is divided by 10.
7
Calculate the remainder when 117577 is divided by 9135.
7957
What is the remainder when 1780884 is divided by 206?
14
What is the remainder when 6255221 is divided by 7554?
509
Calculate the remainder when 7991669 is divided by 30.
29
Calculate the remainder when 388751 is divided by 25916.
11
What is the remainder when 106992828 is divided by 232?
228
Calculate the remainder when 115255 is divided by 546.
49
What is the remainder when 236839 is divided by 474?
313
Calculate the remainder when 513293 is divided by 513164.
129
Calculate the remainder when 439158338 is divided by 437.
432
What is the remainder when 6579629 is divided by 13?
4
What is the remainder when 25064099 is divided by 27?
26
What is the remainder when 1087276 is divided by 2338?
106
What is the remainder when 8769570 is divided by 187?
18
Calculate the remainder when 4038968 is divided by 11096.
24
What is the remainder when 20071841 is divided by 254?
253
Calculate the remainder when 105639 is divided by 2200.
39
What is the remainder when 4683620 is divided by 669085?
25
Calculate the remainder when 115532739 is divided by 2104.
2099
What is the remainder when 111370 is divided by 3091?
94
Calculate the remainder when 3005023 is divided by 1545.
1543
What is the remainder when 269001846 is divided by 76?
74
What is the remainder when 39153 is divided by 97